{"id":4844,"date":"2020-11-01T17:37:32","date_gmt":"2020-11-01T17:37:32","guid":{"rendered":"http:\/\/archmw.firmakontra.net\/?post_type=portfolio&#038;p=4844"},"modified":"2024-11-18T16:11:52","modified_gmt":"2024-11-18T16:11:52","slug":"klimeckiego-tarnow","status":"publish","type":"portfolio","link":"http:\/\/archmw.pl\/nn\/projects\/klimeckiego-tarnow\/","title":{"rendered":"Budynek wielorodzinny<br> w Mo\u015bcicach"},"content":{"rendered":"<p><strong>Kategoria:<\/strong><\/p>\n<p>Budynki wielorodzinne<\/p>\n<p><strong>Lokalizacja:<\/strong><\/p>\n<p>Ul. Genera\u0142a Tadeusza Klimeckiego w Tarnowie<\/p>\n<p>Wojew\u00f3dztwo ma\u0142opolskie<\/p>\n<p><strong>Projekt:<\/strong><\/p>\n<p>2016-2018<\/p>\n<p><strong>Realizacja:<\/strong><\/p>\n<p>2018<\/p>\n<p><strong>Inwestor:<\/strong><\/p>\n<p>BUD-MAX \u00a0Janusz Socha, Krzysztof Socha<\/p>\n<p><strong>Powierzchnia u\u017cytkowa:<\/strong><\/p>\n<p>4 231 m<sup>2<\/sup><\/p>","protected":false},"excerpt":{"rendered":"<p>Kategoria: Budynki wielorodzinne Lokalizacja: Ul. Genera\u0142a Tadeusza Klimeckiego w Tarnowie Wojew\u00f3dztwo ma\u0142opolskie Projekt: 2016-2018 Realizacja: 2018 Inwestor: BUD-MAX \u00a0Janusz Socha, Krzysztof Socha Powierzchnia u\u017cytkowa: 4 231 m2<\/p>","protected":false},"author":1,"featured_media":5101,"template":"","meta":{"inline_featured_image":false,"footnotes":""},"portfolio_category":[40],"portfolio_tag":[],"class_list":["post-4844","portfolio","type-portfolio","status-publish","has-post-thumbnail","hentry","portfolio_category-domy"],"_links":{"self":[{"href":"http:\/\/archmw.pl\/nn\/wp-json\/wp\/v2\/portfolio\/4844","targetHints":{"allow":["GET"]}}],"collection":[{"href":"http:\/\/archmw.pl\/nn\/wp-json\/wp\/v2\/portfolio"}],"about":[{"href":"http:\/\/archmw.pl\/nn\/wp-json\/wp\/v2\/types\/portfolio"}],"author":[{"embeddable":true,"href":"http:\/\/archmw.pl\/nn\/wp-json\/wp\/v2\/users\/1"}],"version-history":[{"count":12,"href":"http:\/\/archmw.pl\/nn\/wp-json\/wp\/v2\/portfolio\/4844\/revisions"}],"predecessor-version":[{"id":5700,"href":"http:\/\/archmw.pl\/nn\/wp-json\/wp\/v2\/portfolio\/4844\/revisions\/5700"}],"wp:featuredmedia":[{"embeddable":true,"href":"http:\/\/archmw.pl\/nn\/wp-json\/wp\/v2\/media\/5101"}],"wp:attachment":[{"href":"http:\/\/archmw.pl\/nn\/wp-json\/wp\/v2\/media?parent=4844"}],"wp:term":[{"taxonomy":"portfolio_category","embeddable":true,"href":"http:\/\/archmw.pl\/nn\/wp-json\/wp\/v2\/portfolio_category?post=4844"},{"taxonomy":"portfolio_tag","embeddable":true,"href":"http:\/\/archmw.pl\/nn\/wp-json\/wp\/v2\/portfolio_tag?post=4844"}],"curies":[{"name":"wp","href":"https:\/\/api.w.org\/{rel}","templated":true}]}}

Budynek wielorodzinny<br> w Mościcach

<p><strong>Kategoria:</strong></p>
<p>Budynki wielorodzinne</p>
<p><strong>Lokalizacja:</strong></p>
<p>Ul. Generała Tadeusza Klimeckiego w Tarnowie</p>
<p>Województwo małopolskie</p>
<p><strong>Projekt:</strong></p>
<p>2016-2018</p>
<p><strong>Realizacja:</strong></p>
<p>2018</p>
<p><strong>Inwestor:</strong></p>
<p>BUD-MAX  Janusz Socha, Krzysztof Socha</p>
<p><strong>Powierzchnia użytkowa:</strong></p>
<p>4 231 m<sup>2</sup></p>

<p>Kategoria: Budynki wielorodzinne Lokalizacja: Ul. Generała Tadeusza Klimeckiego w Tarnowie Województwo małopolskie Projekt: 2016-2018 Realizacja: 2018 Inwestor: BUD-MAX  Janusz Socha, Krzysztof Socha Powierzchnia użytkowa: 4 231 m2</p>
