{"id":4976,"date":"2020-11-25T18:41:21","date_gmt":"2020-11-25T18:41:21","guid":{"rendered":"http:\/\/archmw.firmakontra.net\/?post_type=portfolio&#038;p=4976"},"modified":"2024-11-18T16:12:35","modified_gmt":"2024-11-18T16:12:35","slug":"karlowicza","status":"publish","type":"portfolio","link":"http:\/\/archmw.pl\/nn\/projects\/karlowicza\/","title":{"rendered":"Kar\u0142owicza &#8211; zesp\u00f3\u0142 mieszkaniowy Sp\u00f3\u0142dzielni &#8220;PIAST&#8221;"},"content":{"rendered":"<p><strong>Kategoria:<\/strong><\/p>\n<p>Budynki wielorodzinne<\/p>\n<p><strong>Lokalizacja:<\/strong><\/p>\n<p>Ul. Mieczys\u0142awa Kar\u0142owicza i Symfoniczna<br \/>\nw Krakowie<\/p>\n<p>Wojew\u00f3dztwo ma\u0142opolskie<\/p>\n<p><strong>Projekt:<\/strong><\/p>\n<p>2003-2009<\/p>\n<p><strong>Realizacja:<\/strong><\/p>\n<p>2008-2009<\/p>\n<p><strong>Inwestor:<\/strong><\/p>\n<p>Zjednoczona Sp\u00f3\u0142dzielnia Budowlano-Mieszkaniowa \u201ePiast\u201d<\/p>\n<p><strong>Generalny Wykonawca:<\/strong><\/p>\n<p>\u201eDOM-BUD\u201d Marek Szaflarski, Krak\u00f3w<\/p>\n<p><strong>Powierzchnia u\u017cytkowa:<\/strong><\/p>\n<p>10 330 m<sup>2<\/sup><\/p>\n<p>&nbsp;<\/p>\n<p>Projekt powsta\u0142 w nawi\u0105zaniu do wcze\u015bniejszej koncepcji urbanistycznej prof. arch. A. Wyrzykowskiego i arch. M. Roga.<\/p>\n<p>&nbsp;<\/p>\n<p><strong>Realizacja otrzyma\u0142a Nagrod\u0119 III stopnia<br \/>\nw og\u00f3lnopolskim konkursie PZITB \u201eBudowa Roku 2008\u201d (pod patronatem Ministra Infrastruktury).<\/strong><\/p>\n<p>&nbsp;<\/p>\n<p><strong>\u00a0<\/strong><\/p>","protected":false},"excerpt":{"rendered":"<p>Kategoria: Budynki wielorodzinne Lokalizacja: Ul. Mieczys\u0142awa Kar\u0142owicza i Symfoniczna w Krakowie Wojew\u00f3dztwo ma\u0142opolskie Projekt: 2003-2009 Realizacja: 2008-2009 Inwestor: Zjednoczona Sp\u00f3\u0142dzielnia Budowlano-Mieszkaniowa \u201ePiast\u201d Generalny Wykonawca: \u201eDOM-BUD\u201d Marek Szaflarski, Krak\u00f3w Powierzchnia u\u017cytkowa: 10 330 m2 &nbsp; Projekt powsta\u0142 w nawi\u0105zaniu do wcze\u015bniejszej koncepcji urbanistycznej prof. arch. A. Wyrzykowskiego i arch. M. Roga. &nbsp; Realizacja otrzyma\u0142a Nagrod\u0119 III&hellip;<\/p>","protected":false},"author":1,"featured_media":5670,"template":"","meta":{"inline_featured_image":false,"footnotes":""},"portfolio_category":[40],"portfolio_tag":[],"class_list":["post-4976","portfolio","type-portfolio","status-publish","has-post-thumbnail","hentry","portfolio_category-domy"],"_links":{"self":[{"href":"http:\/\/archmw.pl\/nn\/wp-json\/wp\/v2\/portfolio\/4976","targetHints":{"allow":["GET"]}}],"collection":[{"href":"http:\/\/archmw.pl\/nn\/wp-json\/wp\/v2\/portfolio"}],"about":[{"href":"http:\/\/archmw.pl\/nn\/wp-json\/wp\/v2\/types\/portfolio"}],"author":[{"embeddable":true,"href":"http:\/\/archmw.pl\/nn\/wp-json\/wp\/v2\/users\/1"}],"version-history":[{"count":17,"href":"http:\/\/archmw.pl\/nn\/wp-json\/wp\/v2\/portfolio\/4976\/revisions"}],"predecessor-version":[{"id":5701,"href":"http:\/\/archmw.pl\/nn\/wp-json\/wp\/v2\/portfolio\/4976\/revisions\/5701"}],"wp:featuredmedia":[{"embeddable":true,"href":"http:\/\/archmw.pl\/nn\/wp-json\/wp\/v2\/media\/5670"}],"wp:attachment":[{"href":"http:\/\/archmw.pl\/nn\/wp-json\/wp\/v2\/media?parent=4976"}],"wp:term":[{"taxonomy":"portfolio_category","embeddable":true,"href":"http:\/\/archmw.pl\/nn\/wp-json\/wp\/v2\/portfolio_category?post=4976"},{"taxonomy":"portfolio_tag","embeddable":true,"href":"http:\/\/archmw.pl\/nn\/wp-json\/wp\/v2\/portfolio_tag?post=4976"}],"curies":[{"name":"wp","href":"https:\/\/api.w.org\/{rel}","templated":true}]}}

Karłowicza &#8211; zespół mieszkaniowy Spółdzielni &#8220;PIAST&#8221;

<p><strong>Kategoria:</strong></p>
<p>Budynki wielorodzinne</p>
<p><strong>Lokalizacja:</strong></p>
<p>Ul. Mieczysława Karłowicza i Symfoniczna<br />
w Krakowie</p>
<p>Województwo małopolskie</p>
<p><strong>Projekt:</strong></p>
<p>2003-2009</p>
<p><strong>Realizacja:</strong></p>
<p>2008-2009</p>
<p><strong>Inwestor:</strong></p>
<p>Zjednoczona Spółdzielnia Budowlano-Mieszkaniowa „Piast”</p>
<p><strong>Generalny Wykonawca:</strong></p>
<p>„DOM-BUD” Marek Szaflarski, Kraków</p>
<p><strong>Powierzchnia użytkowa:</strong></p>
<p>10 330 m<sup>2</sup></p>
<p>&nbsp;</p>
<p>Projekt powstał w nawiązaniu do wcześniejszej koncepcji urbanistycznej prof. arch. A. Wyrzykowskiego i arch. M. Roga.</p>
<p>&nbsp;</p>
<p><strong>Realizacja otrzymała Nagrodę III stopnia<br />
w ogólnopolskim konkursie PZITB „Budowa Roku 2008” (pod patronatem Ministra Infrastruktury).</strong></p>
<p>&nbsp;</p>
<p><strong> </strong></p>

<p>Kategoria: Budynki wielorodzinne Lokalizacja: Ul. Mieczysława Karłowicza i Symfoniczna w Krakowie Województwo małopolskie Projekt: 2003-2009 Realizacja: 2008-2009 Inwestor: Zjednoczona Spółdzielnia Budowlano-Mieszkaniowa „Piast” Generalny Wykonawca: „DOM-BUD” Marek Szaflarski, Kraków Powierzchnia użytkowa: 10 330 m2 &nbsp; Projekt powstał w nawiązaniu do wcześniejszej koncepcji urbanistycznej prof. arch. A. Wyrzykowskiego i arch. M. Roga. &nbsp; Realizacja otrzymała Nagrodę III&hellip;</p>
