{"id":5177,"date":"2020-12-03T17:38:21","date_gmt":"2020-12-03T17:38:21","guid":{"rendered":"http:\/\/archmw.pl\/?post_type=portfolio&#038;p=5177"},"modified":"2024-11-18T16:19:49","modified_gmt":"2024-11-18T16:19:49","slug":"plebania-z-benczyna","status":"publish","type":"portfolio","link":"http:\/\/archmw.pl\/nn\/projects\/plebania-z-benczyna\/","title":{"rendered":"Plebania"},"content":{"rendered":"<p><strong>Kategoria:<\/strong><\/p>\n<p>Obiekty kultury<\/p>\n<p><strong>Lokalizacja:<\/strong><\/p>\n<p>Muzeum &#8211; Nadwi\u015bla\u0144ski Park Etnograficzny<br \/>\nw Wygie\u0142zowie<\/p>\n<p>Wojew\u00f3dztwo ma\u0142opolskie<\/p>\n<p><strong>Projekt:<\/strong><\/p>\n<p>2008<\/p>\n<p><strong>Restauracja obiektu:<\/strong><\/p>\n<p>2008<\/p>\n<p><strong>Inwestor:<\/strong><\/p>\n<p>Muzeum \u2013 Nadwi\u015bla\u0144ski Park Etnograficzny<br \/>\nw Wygie\u0142zowie i Zamek Lipowiec<\/p>\n<p><strong>Powierzchnia u\u017cytkowa:<\/strong><\/p>\n<p>51 m<sup>2<\/sup><\/p>","protected":false},"excerpt":{"rendered":"<p>Kategoria: Obiekty kultury Lokalizacja: Muzeum &#8211; Nadwi\u015bla\u0144ski Park Etnograficzny w Wygie\u0142zowie Wojew\u00f3dztwo ma\u0142opolskie Projekt: 2008 Restauracja obiektu: 2008 Inwestor: Muzeum \u2013 Nadwi\u015bla\u0144ski Park Etnograficzny w Wygie\u0142zowie i Zamek Lipowiec Powierzchnia u\u017cytkowa: 51 m2<\/p>","protected":false},"author":1,"featured_media":5660,"template":"","meta":{"inline_featured_image":false,"footnotes":""},"portfolio_category":[41],"portfolio_tag":[],"class_list":["post-5177","portfolio","type-portfolio","status-publish","has-post-thumbnail","hentry","portfolio_category-urbanism"],"_links":{"self":[{"href":"http:\/\/archmw.pl\/nn\/wp-json\/wp\/v2\/portfolio\/5177","targetHints":{"allow":["GET"]}}],"collection":[{"href":"http:\/\/archmw.pl\/nn\/wp-json\/wp\/v2\/portfolio"}],"about":[{"href":"http:\/\/archmw.pl\/nn\/wp-json\/wp\/v2\/types\/portfolio"}],"author":[{"embeddable":true,"href":"http:\/\/archmw.pl\/nn\/wp-json\/wp\/v2\/users\/1"}],"version-history":[{"count":13,"href":"http:\/\/archmw.pl\/nn\/wp-json\/wp\/v2\/portfolio\/5177\/revisions"}],"predecessor-version":[{"id":5714,"href":"http:\/\/archmw.pl\/nn\/wp-json\/wp\/v2\/portfolio\/5177\/revisions\/5714"}],"wp:featuredmedia":[{"embeddable":true,"href":"http:\/\/archmw.pl\/nn\/wp-json\/wp\/v2\/media\/5660"}],"wp:attachment":[{"href":"http:\/\/archmw.pl\/nn\/wp-json\/wp\/v2\/media?parent=5177"}],"wp:term":[{"taxonomy":"portfolio_category","embeddable":true,"href":"http:\/\/archmw.pl\/nn\/wp-json\/wp\/v2\/portfolio_category?post=5177"},{"taxonomy":"portfolio_tag","embeddable":true,"href":"http:\/\/archmw.pl\/nn\/wp-json\/wp\/v2\/portfolio_tag?post=5177"}],"curies":[{"name":"wp","href":"https:\/\/api.w.org\/{rel}","templated":true}]}}

<p><strong>Kategoria:</strong></p>
<p>Obiekty kultury</p>
<p><strong>Lokalizacja:</strong></p>
<p>Muzeum &#8211; Nadwiślański Park Etnograficzny<br />
w Wygiełzowie</p>
<p>Województwo małopolskie</p>
<p><strong>Projekt:</strong></p>
<p>2008</p>
<p><strong>Restauracja obiektu:</strong></p>
<p>2008</p>
<p><strong>Inwestor:</strong></p>
<p>Muzeum – Nadwiślański Park Etnograficzny<br />
w Wygiełzowie i Zamek Lipowiec</p>
<p><strong>Powierzchnia użytkowa:</strong></p>
<p>51 m<sup>2</sup></p>

<p>Kategoria: Obiekty kultury Lokalizacja: Muzeum &#8211; Nadwiślański Park Etnograficzny w Wygiełzowie Województwo małopolskie Projekt: 2008 Restauracja obiektu: 2008 Inwestor: Muzeum – Nadwiślański Park Etnograficzny w Wygiełzowie i Zamek Lipowiec Powierzchnia użytkowa: 51 m2</p>
